te the greatest common divisor of l and k.
4
Let r = 9 - 9. Let p(j) = -j**3 - j**2 - j + 38. Let g be p(r). Let q = g - 25. Calculate the highest common divisor of 39 and q.
13
Let h be 136 + (70/10 - 13). What is the greatest common factor of h and 30?
10
Suppose -130 = -5*v - 4*a, -5*a = -5*v - a + 170. Suppose -v = -3*x - 2*x. Let d = 97 - 43. What is the greatest common divisor of x and d?
6
Let u be (-4)/10 - 88/(-20). Suppose -u*v - 9 = -25. Suppose -y = 2*y - 36. Calculate the highest common divisor of v and y.
4
Suppose -44 = -7*t + 3*t. Let m(s) = 84*s + 851. Let y be m(-10). Calculate the greatest common factor of t and y.
11
Let d = -17 + 19. Let a(k) = 12*k - 13 - 9*k**2 + 8*k**2 - d. Let u be a(10). What is the highest common divisor of u and 2?
1
Let z be -114*(0 - 8/(-6)). Let v = 54 + -54. Let d = v - z. What is the highest common factor of d and 19?
19
Suppose 1 = -k - 2*w + 85, 3*w + 99 = k. Let d be (-10)/(-15)*k/4. What is the highest common factor of d and 5?
5
Suppose 0 = 30*s - 9 - 2271. What is the greatest common factor of 19 and s?
19
Suppose 2*v - 20 = -3*r, -4*r + 41 + 2 = 5*v. Let c be 14/21*(-57)/(-2). Let x = c - v. What is the highest common divisor of 132 and x?
12
Suppose 0 = w + 3 - 7. Suppose 0 = w*o - 166 + 22. Calculate the highest common factor of o and 24.
12
Let w = 5 + -4. Let c be 17*w + (6 - 5)*-3. Calculate the greatest common factor of 49 and c.
7
Suppose 18 + 414 = 12*g. Suppose v + 22 = w, 0 = -5*w + 2*v - g + 143. Calculate the greatest common divisor of 3 and w.
3
Suppose -2*j = -0*j + 12. Let n be ((-32)/j)/(22/231). Calculate the highest common factor of n and 14.
14
Let s be (3 - -5) + -5 + 5. Suppose 1 = 5*v + 3*j + 2, -j = -4*v + 6. What is the greatest common factor of v and s?
1
Suppose 20*d - 9790 + 490 = 0. What is the highest common divisor of 5 and d?
5
Let q = -39 - -42. Suppose -q*u + 2*u = -28. What is the highest common factor of u and 14?
14
Let l = -339 - -367. What is the greatest common factor of 364 and l?
28
Let d = -13 - -16. Let k = d - 0. Suppose k*m + 4 - 42 = -5*w, -4*m - 4*w = -40. Calculate the greatest common divisor of 54 and m.
6
Let z = 730 + -688. Suppose 2*r + 3*r + b = 104, -r + 18 = 3*b. Calculate the greatest common factor of z and r.
21
Suppose 3*f + 0*f = 4*x - 411, -2*f = -4*x + 406. Calculate the highest common factor of 55 and x.
11
Suppose -8 = 2*z - 16. Let c be z/(-12) + (-20)/(-6). Suppose c*r - 115 = 335. What is the greatest common divisor of 60 and r?
30
Suppose 27 = k + 37. Let v be (-396)/k + 46/115. Calculate the highest common factor of v and 4.
4
Suppose -4*g = 5*w - 375, 2*w - g - 176 = -26. What is the greatest common divisor of w and 3?
3
Let a(h) = h**3 - 2*h**2 + 7*h. Let x be a(3). Calculate the greatest common factor of 250 and x.
10
Suppose 2*g - 961 + 281 = 0. Suppose 3*d + 2*d - g = 0. Let k = 173 - d. What is the greatest common divisor of 15 and k?
15
Suppose 84*j - 126 = 77*j. Let q = 121 + 23. Calculate the greatest common factor of q and j.
18
Let u = 3 + 4. Suppose 0*p - 2*p = -3*r + 21, r = p + 8. Let s = 12 - r. Calculate the highest common divisor of u and s.
7
Suppose -6*b = -9*b. Suppose -s - s + 72 = b. What is the highest common divisor of s and 18?
18
Let s(h) = -h**3 + h**2 + 3*h - 3. Let u be s(2). Suppose b = -b + 8. Let z be ((-10)/u + b)/2. What is the highest common factor of z and 7?
7
Let t(l) = 16*l + 4. Let f be t(6). Suppose j = -4*j + f. Let k(x) = x - 12. Let g be k(16). Calculate the highest common divisor of j and g.
4
Let r(y) = -104*y**3. Let v be r(-1). Suppose -313*l + 15 = -316*l. Let d = v + l. Calculate the greatest common factor of d and 11.
11
Let j(k) = 51*k**2 + 85*k + 84. Let f be j(-1). Let g = -56 - -181. What is the greatest common factor of f and g?
25
Suppose -340 = -5*m - 3*w, 0 = 5*m - 3*w + 5*w - 335. Let c be 2/8 + 119/68. Let n be 6*13*c/6. What is the greatest common factor of n and m?
13
Let t be (-6)/(-9)*135/10. Suppose -24 = -12*x + 4*x. What is the highest common factor of x and t?
3
Let r(s) = -s**3 - 31*s**2 + 8*s - 123. Let i be r(-32). What is the greatest common divisor of 15 and i?
15
Suppose 3*z = -0*z - 4*p + 136, z = 2*p + 42. Let h = z + -31. Suppose -4*g + 5*w + 545 = 0, w + 3 = -2. Calculate the highest common factor of g and h.
13
Let n = 774 - 547. Suppose -n - 93 = -4*g. Suppose -101 = 21*x - 311. Calculate the greatest common factor of x and g.
10
Suppose -237 + 57 = -4*l. Let g be l + (3 - 2) + -4. What is the greatest common factor of g and 28?
14
Let k = 550 + -537. What is the highest common divisor of 13 and k?
13
Let b = 61 + -16. Let y be (546/(-13)*(-18)/21)/(16/8). What is the greatest common factor of y and b?
9
Suppose -504 = -44*j + 24. Let a be (-1 - 0)*(-131 + -1). Calculate the highest common divisor of a and j.
12
Suppose 57 = -3*y + 240. What is the highest common divisor of y and 671?
61
Suppose 30 + 85 = 5*j. Let u = -13 + j. Let v be u*(25/2 - 3). What is the greatest common divisor of 19 and v?
19
Let p be (42/6)/((-1)/(-2)). Let o(i) = i - 27. Let j(b) = -1. Let w(y) = -j(y) - o(y). Let k be w(p). Calculate the greatest common divisor of k and 126.
14
Let o(w) be the third derivative of -w**6/120 - w**4/12 + 5*w**3/3 - 3*w**2. Let d be o(0). What is the highest common factor of d and 90?
10
Suppose 0 = 4*s - b + 3*b - 48, -2*s - 4*b + 12 = 0. Let q = 3 - 4. Let d be (q - (-4 + 2))*35. What is the highest common divisor of s and d?
7
Let c be 184 - 3 - (-2)/(8/(-4)). Calculate the greatest common divisor of c and 585.
45
Let l = -265 - -445. Let g be (4/10)/(3/l). What is the greatest common factor of g and 6?
6
Let l(z) = z**3 - 23*z**2 + 7*z + 10. Let k be l(23). Suppose -11*b = -2*b - k. What is the greatest common factor of b and 209?
19
Suppose 3*n + 12 = 0, 3*d + 296 = 5*d - 4*n. Calculate the greatest common divisor of d and 30.
10
Let c = -153 - -423. Suppose -72 - 168 = -8*z. What is the greatest common divisor of c and z?
30
Suppose -10*y + 5*y = -880. Suppose -15 = -5*u, y = 5*p - 5*u - 274. What is the greatest common factor of 62 and p?
31
Suppose 11*s - 2932 = 8*s + 5*f, -5*f - 1963 = -2*s. Calculate the highest common divisor of s and 204.
51
Suppose 2*b = b + 5*m + 8, 4*b - 2*m + 4 = 0. Let r be (-4)/(388/(-128) + 3) + b. What is the highest common factor of 18 and r?
18
Let x(v) = v**3 + 9*v**2 + v + 2. Let t be x(-8). Let z = t - -19. Suppose -75*y = -12*y + 174 - 867. Calculate the greatest common divisor of y and z.
11
Suppose 4*v - 25 = -3*l, 8*l - 2*l - 4*v - 74 = 0. Suppose 376 = 4*g - 5*c, -2*g - 5*c = -4*g + 178. Calculate the highest common factor of l and g.
11
Let f = 30 + -24. Suppose -f*u + 88 = -4*u - 4*o, 1 = -o. Let h = u + -26. What is the highest common factor of 64 and h?
16
Let t = 6 - -3. Let d be 75/t - (-3)/(-9). Let m be (6 - 3)/(6/d). What is the highest common divisor of 20 and m?
4
Suppose -4*t = -16*p + 13*p - 14650, t - 3656 = 4*p. Calculate the greatest common divisor of t and 16.
16
Suppose -40*f = -44*f + 152. Calculate the highest common divisor of 76 and f.
38
Suppose -5*n + 111 = 4*f - 30, 5*f + 4*n = 165. What is the greatest common divisor of f and 551?
29
Suppose 15*h - 20*h - 3*s + 553 = 0, 4*s + 216 = 2*h. Calculate the greatest common factor of h and 1045.
55
Let x(k) = k - 2. Let b be x(4). Suppose -a = -b*u - 606, 0 = 2*a - 5*u - 1763 + 556. Suppose -6*c + a = -2*c. Calculate the highest common factor of 14 and c.
14
Let z(x) = -x**3 + 16*x**2 + 16*x + 21. Let o be z(17). Suppose -3*t + m + o = -17, 2*m + 10 = 2*t. Calculate the greatest common factor of 16 and t.
8
Suppose 0 = -3*q + 4*g + 31, -4*q = g - 35 - 0. Suppose 5*k + 366 = 4*p + 42, -5*p + 405 = -k. What is the greatest common divisor of p and q?
9
Let g = 140 - 119. Let d = 93 - 30. Calculate the greatest common divisor of d and g.
21
Let s(z) = 7*z + 7. Suppose -2*i + 6 = u, -2*i + 6 = 4*u - 5*u. Let b be s(u). Let r = -8 - -15. Calculate the greatest common divisor of r and b.
7
Suppose -35*x = -37*x, -x - 945 = -5*z. Let i = 63 - 36. Calculate the highest common factor of z and i.
27
Suppose -10 = -6*a + a. Suppose a = -g + 6. What is the greatest common factor of g and 1?
1
Suppose 3*w + 23 - 74 = 0. What is t